ue
Does 32 divide 21088?
True
Is 16 a factor of 12393?
False
Does 21 divide 548?
False
Is 2730 a multiple of 105?
True
Is 9835 a multiple of 37?
False
Does 25 divide 975?
True
Is 55 a factor of 96085?
True
Is 615 a multiple of 44?
False
Does 18 divide 342?
True
Is 5326 a multiple of 41?
False
Does 15 divide 2090?
False
Is 94 a factor of 10617?
False
Does 73 divide 47377?
True
Does 210 divide 420?
True
Does 21 divide 34274?
False
Does 53 divide 795?
True
Is 37 a factor of 3679?
False
Is 10 a factor of 3370?
True
Is 111 a factor of 5883?
True
Is 132 a factor of 12144?
True
Is 21 a factor of 798?
True
Does 10 divide 12?
False
Is 51 a factor of 42171?
False
Is 21 a factor of 616?
False
Is 33 a factor of 30169?
False
Does 116 divide 2578?
False
Does 3 divide 4260?
True
Does 4 divide 642?
False
Is 16675 a multiple of 25?
True
Is 165 a multiple of 7?
False
Does 23 divide 15311?
False
Does 7 divide 490?
True
Is 3 a factor of 4579?
False
Is 9 a factor of 36285?
False
Is 7236 a multiple of 27?
True
Does 28 divide 2996?
True
Does 65 divide 29578?
False
Does 11 divide 33?
True
Does 78 divide 8814?
True
Does 14 divide 1610?
True
Is 33 a factor of 11861?
False
Is 23 a factor of 3418?
False
Does 12 divide 1368?
True
Is 29636 a multiple of 62?
True
Does 33 divide 472?
False
Is 3652 a multiple of 83?
True
Is 36 a factor of 4536?
True
Is 20 a factor of 3141?
False
Does 6 divide 218?
False
Is 96 even?
True
Is 10902 a multiple of 6?
True
Is 182 a factor of 3822?
True
Is 472 a multiple of 13?
False
Does 209 divide 11044?
False
Does 30 divide 2506?
False
Is 1479 a multiple of 10?
False
Is 26952 a multiple of 170?
False
Is 332 a multiple of 34?
False
Does 16 divide 96?
True
Does 106 divide 14937?
False
Is 1194 a multiple of 52?
False
Is 6 a factor of 957?
False
Is 1462 a multiple of 43?
True
Does 40 divide 360?
True
Is 17 a factor of 1683?
True
Does 62 divide 155?
False
Is 776 a multiple of 51?
False
Does 7 divide 602?
True
Does 18 divide 9756?
True
Is 48 a factor of 28320?
True
Is 2478 a multiple of 18?
False
Is 117000 a multiple of 300?
True
Does 10 divide 1230?
True
Is 20 a factor of 13402?
False
Does 97 divide 18527?
True
Does 30 divide 120?
True
Does 25 divide 74588?
False
Does 11 divide 1567?
False
Does 210 divide 36120?
True
Is 112 a factor of 9408?
True
Does 51 divide 76?
False
Is 832 a multiple of 16?
True
Does 56 divide 27664?
True
Is 10 a factor of 1102?
False
Is 11 a factor of 8954?
True
Is 45 a factor of 4500?
True
Is 144 a factor of 5093?
False
Does 29 divide 87?
True
Does 15 divide 9418?
False
Is 14 a factor of 26950?
True
Does 12 divide 96957?
False
Does 7 divide 480?
False
Is 43 a factor of 5590?
True
Does 40 divide 1680?
True
Does 319 divide 33099?
False
Is 1311 a multiple of 69?
True
Does 3 divide 117?
True
Does 52 divide 7614?
False
Does 82 divide 328?
True
Is 277 a factor of 7557?
False
Is 2125 a multiple of 33?
False
Is 7884 a multiple of 9?
True
Does 11 divide 154?
True
Does 126 divide 1134?
True
Does 29 divide 366?
False
Is 8 a factor of 5744?
True
Is 6 a factor of 2814?
True
Is 9010 a multiple of 17?
True
Is 162 a multiple of 21?
False
Is 9301 a multiple of 18?
False
Is 89 a factor of 476?
False
Is 19 a factor of 1408?
False
Is 11209 a multiple of 160?
False
Is 4977 a multiple of 63?
True
Does 172 divide 54567?
False
Is 1414 a multiple of 7?
True
Is 67 a factor of 61143?
False
Does 32 divide 224?
True
Is 977 a multiple of 34?
False
Does 7 divide 2814?
True
Is 73 a factor of 2044?
True
Is 62 a factor of 12131?
False
Does 6 divide 1114?
False
Is 242 a multiple of 11?
True
Is 15837 a multiple of 213?
False
Is 7136 a multiple of 2?
True
Is 6487 a multiple of 12?
False
Is 54 a factor of 6188?
False
Is 777 a multiple of 17?
False
Is 30 a factor of 7550?
False
Is 40 a factor of 6200?
True
Does 439 divide 4723?
False
Is 125 a factor of 2625?
True
Is 6899 a multiple of 19?
False
Is 4278 a multiple of 23?
True
Is 300 a multiple of 150?
True
Is 10 a factor of 9238?
False
Is 32 a factor of 11104?
True
Does 3 divide 1874?
False
Does 5 divide 3150?
True
Is 3 a factor of 266?
False
Is 1048 a multiple of 3?
False
Does 9 divide 823?
False
Is 13 a factor of 676?
True
Does 14 divide 1134?
True
Does 19 divide 66987?
False
Does 5 divide 5700?
True
Does 17 divide 9996?
True
Is 20 a factor of 160?
True
Does 66 divide 108306?
True
Is 35 a factor of 1578?
False
Is 31 a factor of 662?
False
Does 5 divide 175?
True
Does 6 divide 1808?
False
Is 570 a multiple of 38?
True
Is 246 a multiple of 6?
True
Is 34320 a multiple of 143?
True
Is 3410 a multiple of 110?
True
Is 1595 a multiple of 55?
True
Is 1576 a multiple of 39?
False
Is 47 a factor of 1269?
True
Is 340 a multiple of 17?
True
Is 5 a factor of 71?
False
Is 1526 a multiple of 60?
False
Does 32 divide 1003?
False
Is 34 a factor of 554?
False
Is 140 a multiple of 18?
False
Is 14 a factor of 101?
False
Is 21627 a multiple of 5?
False
Does 2 divide 266?
True
Is 4400 a multiple of 50?
True
Is 142 a factor of 11233?
False
Is 33 a factor of 349?
False
Is 25650 a multiple of 33?
False
Is 11979 a multiple of 99?
True
Is 29 a factor of 1723?
False
Does 16 divide 1040?
True
Is 20 a factor of 11933?
False
Is 13 a factor of 477?
False
Is 31 a multiple of 2?
False
Is 46 a factor of 7590?
True
Does 6 divide 9780?
True
Is 29178 a multiple of 18?
True
Does 28 divide 45024?
True
Is 8 a factor of 9272?
True
Is 188 a factor of 86856?
True
Does 53 divide 3180?
True
Is 147 a factor of 36100?
False
Is 14784 a multiple of 28?
True
Is 5 a factor of 1176?
False
Is 252 a factor of 4284?
True
Is 55935 a multiple of 70?
False
Is 292 a multiple of 6?
False
Does 12 divide 875?
False
Is 9826 a multiple of 12?
False
Is 8463 a multiple of 217?
True
Is 22 a factor of 3344?
True
Does 27 divide 1026?
True
Is 55 a factor of 41360?
True
Does 6 divide 29?
False
Does 69 divide 6419?
False
Is 1322 a multiple of 11?
False
Does 83 divide 30849?
False
Is 3209 a multiple of 3?
False
Is 1224 a multiple of 36?
True
Is 389 a multiple of 3?
False
Is 30402 a multiple of 61?
False
Does 91 divide 1115?
False
Does 163 divide 1304?
True
Does 7 divide 2653?
True
Is 494 a multiple of 26?
True
Is 40 a factor of 19428?
False
Does 21 divide 69416?
False
Is 1467 a multiple of 23?
False
Does 166 divide 17098?
True
Does 53 divide 424?
True
Is 11303 a multiple of 89?
True
Does 23 divide 7936?
False
Is 4342 a multiple of 11?
False
Is 11 a factor of 25441?
False
Is 3322 a multiple of 45?
False
Is 12 a factor of 1259?
False
Does 31 divide 702?
False
Does 84 divide 4032?
True
Is 5 a factor of 3225?
True
Is 411 a multiple of 18?
False
Is 1240 a multiple of 10?
True
Is 84 a factor of 815?
False
Is 64 even?
True
Does 166 divide 58493?
False
Is 9 a factor of 5752?
False
Is 1100 a multiple of 45?
False
Does 89 divide 1792?
False
Is 15 a factor of 2415?
True
Is 9 a factor of 142?
False
Is 28 a factor of 11088?
True
Is 1025 a multiple of 31?
False
Does 34 divide 4485?
False
Is 18220 a multiple of 10?
True
Does 55 divide 6293?
False
Does 8 divide 192?
True
Does 28 divide 1040?
False
Is 259 a factor of 73050?
False
Does 37 divide 7257?
False
Is 329 a factor of 145821?
False
Is 321 a factor of 13803?
True
Does 12 divide 3900?
True
Is 12991 a multiple of 9?
False
Is 88 a factor of 4120?
False
Does 3 divide 6913?
False
Is 11 a factor of 200?
False
Is 58 a factor of 709?
False
Is 29317 a multiple of 17?
False
Is 105 a multiple of 7?
True
Does 35 divide 1085?
True
Does 27 divide 134?
False
Does 31 divide 10323?
True
Is 125 a factor of 16125?
True
Is 9 a factor of 603?
True
Does 17 divide 20069?
False
Is 7 a factor of 945?
True
Is 1295 a multiple of 24?
False
Does 8 divide 853?
False
Does 3 divide 889?
False
Does 4 divide 452?
True
Is 210 a multiple of 14?
True
Is 9091 a multiple of 26?
False
Is 73 a factor of 6080?
False
Is 4012 a multiple of 30?
False
Is 153 a factor of 17595?
True
Is 1360 a multiple of 86?
False
Is 2959 a multiple of 11?
True
Does 6 divide 177?
False
Is 12 a factor of 15877?
False
Is 45 a factor of 47880?
True
Does 8 divide 1985?
False
Does 16 divide 18256?
True
Is 10 a factor of 27625?
False
Does 13 divide 1885?
True
Is 40259 a multiple of 15?
False
Is 37 a factor of 592?
True
Is 1239 a multiple of 59?
True
Does 45 divide 3195?
True
Is 11 a factor of 731?
False
Is 937 a